et b = 357 - 404. What is the hundreds digit of b/(((-3)/60)/1)?
9
What is the ten thousands digit of (-35)/(-350)*(262506 - -4)?
2
Suppose -46 = -3*d - 2*x - 9, 3*d - 5*x - 2 = 0. Suppose 5*m - 2*m - d = 0. Suppose -m*n + 4*n = 5*z - 1199, -z = -3*n - 251. What is the hundreds digit of z?
2
Suppose -20*r - r - 210 = 0. Let o(s) = 2*s**3 + 29*s**2 - 17*s - 24. What is the tens digit of o(r)?
4
Suppose 108*l = 24*l + 148932. What is the units digit of l?
3
Let o be (-14)/(((-2)/1)/1). Let v(h) = -18 + h**3 - 3*h + 8*h + 47 - 15 - 24 - 5*h**2. What is the hundreds digit of v(o)?
1
Let h be 20/6*(-3)/(-2). Let z = -190 + 196. Suppose -p = h*n - 132, -z*p + 453 = -2*p - 5*n. What is the units digit of p?
7
Let j = 1697 + 43. Suppose 13*i - 11100 = -j. What is the units digit of i?
0
Let d = -456 + -402. Let l = -584 - d. What is the units digit of 2/(-9) - l/(-18)?
5
Let s = 9636 - 8159. What is the tens digit of s?
7
Let b = 17 - -214. Suppose 3*q - 700 = -6*s + 4*s, -q - 3*s + b = 0. What is the units digit of q?
4
Let m(n) = 1860*n - 7619. What is the hundreds digit of m(24)?
0
Let y(m) = 5*m**2 + 30*m - 256. What is the hundreds digit of y(-49)?
2
Let a(b) = 2*b - 1. Let n be a(2). Suppose -n*u - 12 = -9*u. What is the tens digit of 66 + (-1 - u) + 1?
6
Suppose 0 = -t - 2, -4*w - 4*t + 21795 = 3567. What is the units digit of w?
9
Suppose -4*q - 5 = -5*f, -2*q + 2*f - 5 = -3. Let p be -30 + (q/3 - -3). What is the hundreds digit of (276/9)/((12/p)/(-2))?
1
Let n(y) = -182*y - 47. Let a(b) = 728*b + 190. Let u(m) = -2*a(m) - 9*n(m). What is the tens digit of u(3)?
8
Let d(l) be the first derivative of -l**4/4 - 7*l**3/3 - l**2 - l + 46. What is the units digit of d(-7)?
3
Suppose 24 = -2*j + 4*q, j - q + 12 = -j. Let g(i) = i**2 + 3*i + 3. Let c be g(j). Suppose 0 = -c*p + 140 + 7. What is the units digit of p?
1
Suppose 175268 = 8*t - m, 13*m = 5*t + 8*m - 109560. What is the ten thousands digit of t?
2
Suppose 33*x - 303601 = 470645. What is the hundreds digit of x?
4
Suppose 7*y - 8940 = -3*y. Let v = 2022 - y. What is the thousands digit of v?
1
Let f be (-1)/(-2)*0 - 5. Let d be (-20202)/(-35) + 0 + 1/f. Suppose q + 713 = 5*r, d = -0*r + 4*r - 3*q. What is the units digit of r?
2
What is the thousands digit of (-120)/21*(-19301)/6 - (-48)/504?
8
Let r(h) = h**3 + 9*h**2 - h - 7. Let d be r(-9). Suppose -504 = -9*u + d*u. Suppose -12*l + 13*l = u. What is the tens digit of l?
7
Suppose -2*y + 2222 = -5*p, 0 = 2*y + 4*p - 1432 - 754. What is the thousands digit of y?
1
Suppose -3*l = -4*c + 4613, 162*c - 5*l + 1136 = 163*c. What is the tens digit of c?
5
Let m(z) = -715*z + 2767. What is the ten thousands digit of m(-29)?
2
Let u = 45 + -45. Suppose u = -l - 2*d + 4, 5*l - d = -0*d + 20. What is the units digit of l/(-16) + (-714)/(-8)?
9
Let h be (18/18)/((2/404)/1). Suppose 4*c - h = 3*c. What is the hundreds digit of c?
2
Let m be ((-2)/(-4))/((-6)/(-36)). Let o = -64 + 68. Suppose -o*b = 2*v - 198, -4*v - 3 = -m*b + 151. What is the units digit of b?
0
Suppose 0*q + 4*q = 2796. Suppose -9*u = -12*u + q. What is the hundreds digit of u?
2
Let a = -12278 - -23169. What is the units digit of a?
1
Let s(g) = -g**2 + 8*g - 6. Let t be s(4). Suppose v + z = 906, -4*v - 3*z - 303 + 3929 = 0. Suppose 14*p - v = t*p. What is the units digit of p?
7
Let l(g) = 9*g - 8. Let m(k) = 17*k - 17. Let r(i) = 5*l(i) - 3*m(i). Let u be r(9). Let y = 99 + u. What is the tens digit of y?
5
Suppose b - 2*s = -0*s - 2, -2*b - 5*s + 14 = 0. Let f(g) = 42*g**3 + 4*g**2 - 9*g + 5. What is the hundreds digit of f(b)?
3
Suppose -u = -a - 42 - 97, -2*a + u - 273 = 0. Let p be a/(-10) - (-6)/(-15). Suppose 70 = v - 2*d, 3*v - 2*d = 189 + p. What is the tens digit of v?
6
Let x(y) = 4*y + 16. Let n be (91/39)/(1/(-3)). Let f be x(n). Let t(i) = i + 23. What is the tens digit of t(f)?
1
Let g(p) = -230*p - 1691. What is the thousands digit of g(-14)?
1
Let m(v) = v**3 - 11*v**2 - 11*v - 12. Let u be m(12). Suppose 7*t - 4*t = u. Suppose t = -0*h - h + 87. What is the tens digit of h?
8
Suppose -6*a + 8 = -y - 2*a, 5*a = 20. Suppose y*c = 21 + 11. Suppose 33 = 7*w - c*w. What is the tens digit of w?
1
Let y be -5 + (6 + -12)*-1. Let h(u) = 218*u**2 - 10*u + 11. What is the hundreds digit of h(y)?
2
Let i(s) = -2*s**3 + 123*s**2 + 203*s - 136. What is the hundreds digit of i(60)?
8
Let m = -6539 - -6726. What is the tens digit of m?
8
Let x(f) = 237*f**2 + 70*f + 597. What is the hundreds digit of x(-13)?
7
Suppose -4*f - 2 = -14. Suppose f*v - 414 = -c, 2*v - 2080 = -5*c - 3*v. What is the hundreds digit of c?
4
Let u(p) = -107*p - 2. Let q be u(-2). Let c be ((-8)/6)/2 - (-781)/213. Suppose -q = -c*n + 175. What is the units digit of n?
9
Let v(y) = -y**2 - 21*y - 63. Let q be v(-4). Suppose 4*r - 4*w = 1220, 0 = q*r + w + 237 - 1750. What is the tens digit of r?
0
Suppose -116471 - 59905 = -14*b - 42396. What is the thousands digit of b?
9
Suppose 0*a + 10 = -t - 5*a, a + 2 = t. Suppose t = -3*s - 40 - 2. Let w = 85 - s. What is the units digit of w?
9
Let q be (-6318)/63 + (-6)/(-63)*3. Let u = 162 + q. Let j = u + 3. What is the units digit of j?
5
Suppose -17*u + 14755 = -12*u. Let r = u - 1427. What is the thousands digit of r?
1
What is the tens digit of (-6)/((-48)/(-56)) + (-2 + 5 - -3303)?
9
Suppose 141*t + 422090 = 1368623. What is the hundreds digit of t?
7
Let j = 22 - -13. Suppose -5*l + 2*d = 3*d - j, 3*l = -5*d + 21. Suppose 3*v + 2 = -l, 4*x = -4*v + 840. What is the hundreds digit of x?
2
Let j(g) = -g**3 + 16*g**2 - 7*g - 16. Let b(m) = m**2 - 10*m + 2. Let r be b(6). Let l = 37 + r. What is the units digit of j(l)?
4
Suppose 1067696 = 87*c - 2*c + 250761. What is the tens digit of c?
1
What is the units digit of ((-145)/15)/(6/(-1944))?
2
Suppose -489*c + 60272 = -485*c. What is the units digit of c?
8
Suppose -4*y - 130 = -2*v, -5*v = -4*y + 6*y - 277. Suppose 33 = 5*m - v. What is the tens digit of 1/((-260)/(-1116) + (-4)/m)?
9
Suppose 0 = -r - 2, 141*r - 145*r = -x + 4770. What is the thousands digit of x?
4
Let x be (-1)/3 - (0 + 151/(-3)). Suppose 51*h - 2 = x*h. Suppose 0 = -h*i + 2*b + 282, 4*i + 0*i = 2*b + 554. What is the tens digit of i?
3
Let b(r) = r**2 + 6. Let v be b(0). Suppose -7*h - h = -8. What is the tens digit of h - -3 - (v - 15)?
1
Let r(c) = 68*c + 328. Let z(t) = -131*t - 656. Let q(k) = -5*r(k) - 3*z(k). What is the hundreds digit of q(5)?
5
Suppose -3*u - 5 = -32. Suppose 2*m = 2*o - 506, -u*o + 6*o + 2*m = -758. What is the tens digit of o?
5
Suppose 5*n + h - 31 = 0, 2*n - h = -0*n + 11. Let s be 36/n*(32/6 - 0). Suppose -j + 56 = -s. What is the tens digit of j?
8
Let k(c) = c + 8. Let p be k(2). Suppose -5*i - 8 = 4*x, -3*x + p = -4*i - 15. Suppose 2*t - x*t = -18. What is the tens digit of t?
1
Let d be 274/18 + (140/18 - 8). Suppose d*m - 5055 = -0*m. What is the tens digit of m?
3
Let o(u) = -u**3 - 7*u**2 + 3*u + 3. Let q be o(-7). Let r be (q/5 - -4)*-5. Let x(l) = -39*l + 1. What is the tens digit of x(r)?
7
Let k be 96/(-12) + (22 - 10). Let f be 4/3*3/2. Suppose 5*b + i - 610 = 5*i, k*b + f*i - 462 = 0. What is the units digit of b?
8
Let b = -14721 - -35447. What is the thousands digit of b?
0
Let x = 4953 + -3430. Let g = -852 + x. What is the tens digit of g?
7
Let c be 66/18 - (-8)/6. Suppose -2*a + c*o - 8 = 0, -o = -2*o - 2. Let k(p) = -11*p + 13. What is the units digit of k(a)?
2
What is the units digit of ((-252)/30)/((-54)/240165)?
9
Let u = 12422 + -8851. What is the tens digit of u?
7
Suppose -12*h + 8*h = -16. Suppose -h*n = n - 90. Suppose 2*m = n + 8. What is the units digit of m?
3
Let s(l) = l**3 - 7*l**2 + 12*l - 9. Let n be ((-2)/(-2))/((18/10)/9). What is the units digit of s(n)?
1
Let p(s) = -840 + 102*s - 7*s + 206*s. Let g(o) = -20*o + 56. Let b(i) = -91*g(i) - 6*p(i). What is the units digit of b(17)?
2
Suppose 5*l + 4*u - 7353 = -0*l, 3*l + 3*u - 4413 = 0. Suppose -3*k + l = -469. What is the units digit of k?
6
Let m(l) = -3*l + 7. Suppose 2*o = 0, -2*o + 9 = 3*r - 3*o. Let d be m(r). What is the tens digit of (2 - 1)*(d - -23)?
2
Let p = -32402 + 57213. What is the hundreds digit of p?
8
Suppose 5*k = -0*k - 4*x + 45, 0 = 2*k - 4*x - 18. Suppose -10 = -k*m + 80. Suppose m*s - 131